{"id":4644,"date":"2024-10-28T19:36:06","date_gmt":"2024-10-28T18:36:06","guid":{"rendered":"https:\/\/www.fundacioared.org\/voluntariado-corporativo\/"},"modified":"2025-01-15T16:38:30","modified_gmt":"2025-01-15T15:38:30","slug":"voluntariado-corporativo","status":"publish","type":"page","link":"https:\/\/www.fundacioared.org\/es\/empresa-solidaria\/voluntariado-corporativo\/","title":{"rendered":"Voluntariado corporativo"},"content":{"rendered":"\n<div class=\"wp-block-ared-cabecera mod-cabecera\"><div class=\"slider\">\n<div class=\"wp-block-ared-cabecera-interior slide\"><div class=\"image\" style=\"background-image:url(https:\/\/www.fundacioared.org\/wp-content\/uploads\/Slider-Voluntariat-corporatiu.jpg)\"><div class=\"text maq-contenidor\">\n<p class=\"is-style-com_titular_3 has-blanc-color has-text-color has-link-color wp-elements-c33f55009ea4cb2dd74e59db9341efeb\">Voluntariado<br\/> corporativo<\/p>\n\n\n\n<p class=\"has-blanc-color has-text-color has-link-color wp-elements-68bb1d5d634745109a612f53f35b649a\">Creemos firmemente en la fuerza del voluntariado<br\/> corporativo como motor de cambio positivo.<\/p>\n<\/div><\/div><\/div>\n<\/div><\/div>\n\n<div class=\"wp-block-ared-marges maq-contenidor estreta marge-superior-petit marge-inferior-\" data-aos=\"off\" data-aos-delay=\"aos_delay\">\n<p class=\"is-style-com_titular_3\"><strong>Motor del cambio social<\/strong><\/p>\n<\/div>\n\n<div class=\"wp-block-ared-marges maq-contenidor estreta marge-superior- marge-inferior-petit\" data-aos=\"off\" data-aos-delay=\"aos_delay\">\n<div class=\"wp-block-columns is-layout-flex wp-container-core-columns-is-layout-9d6595d7 wp-block-columns-is-layout-flex\">\n<div class=\"wp-block-column is-layout-flow wp-block-column-is-layout-flow\">\n<p class=\"is-style-default has-gris-ared-color has-text-color has-link-color wp-elements-b1d669f5b4334ed2626f645cebbf874b\">En la Fundaci\u00f3n Ared creemos firmemente en la fuerza del voluntariado corporativo como motor de cambio positivo. Colaborar con empresas nos permite conseguir valiosos recursos y establecer v\u00ednculos con organizaciones que comparte nuestros valores de solidaridad y de compromiso social. <\/p>\n\n\n\n<p>Ofrecemos diversas modalidades de voluntariado corporativo para adaptarnos a sus necesidades y preferencias.<\/p>\n\n\n\n<p class=\"is-style-com_titular_5 has-gris-ared-color has-text-color has-link-color wp-elements-8c4e029b40edb0dffea573fdf4782bc3\"><strong>Participar en el voluntariado corporativo ofrece m\u00faltiples beneficios:<\/strong><\/p>\n<\/div>\n<\/div>\n<\/div>\n\n<div class=\"wp-block-ared-marges maq-contenidor normal marge-superior-petit marge-inferior-petit\" data-aos=\"off\" data-aos-delay=\"aos_delay\">\n<div class=\"wp-block-columns is-layout-flex wp-container-core-columns-is-layout-9d6595d7 wp-block-columns-is-layout-flex\">\n<div class=\"wp-block-column is-layout-flow wp-block-column-is-layout-flow\" style=\"padding-right:var(--wp--preset--spacing--50);padding-left:var(--wp--preset--spacing--50)\">\n<figure class=\"wp-block-image aligncenter size-full is-resized\"><img loading=\"lazy\" decoding=\"async\" width=\"500\" height=\"500\" src=\"https:\/\/www.fundacioared.org\/wp-content\/uploads\/1_Impacte-positiu.jpg\" alt=\"\" class=\"wp-image-2757\" style=\"width:150px\" srcset=\"https:\/\/www.fundacioared.org\/wp-content\/uploads\/1_Impacte-positiu.jpg 500w, https:\/\/www.fundacioared.org\/wp-content\/uploads\/1_Impacte-positiu-300x300.jpg 300w, https:\/\/www.fundacioared.org\/wp-content\/uploads\/1_Impacte-positiu-150x150.jpg 150w, https:\/\/www.fundacioared.org\/wp-content\/uploads\/1_Impacte-positiu-340x340.jpg 340w, https:\/\/www.fundacioared.org\/wp-content\/uploads\/1_Impacte-positiu-140x140.jpg 140w\" sizes=\"auto, (max-width: 500px) 100vw, 500px\" \/><\/figure>\n\n\n\n<div style=\"height:30px\" aria-hidden=\"true\" class=\"wp-block-spacer\"><\/div>\n\n\n\n<p class=\"has-text-align-center is-style-com_titular_4 has-taronja-ared-color has-text-color has-link-color wp-elements-e620abda5b3ef83f0e0472335ebf8b61\"><strong>Mejora la Cohesi\u00f3n de Equipo<\/strong><\/p>\n<\/div>\n\n\n\n<div class=\"wp-block-column is-layout-flow wp-block-column-is-layout-flow\" style=\"padding-right:var(--wp--preset--spacing--50);padding-left:var(--wp--preset--spacing--50)\">\n<figure class=\"wp-block-image aligncenter size-full is-resized\"><img loading=\"lazy\" decoding=\"async\" width=\"500\" height=\"500\" src=\"https:\/\/www.fundacioared.org\/wp-content\/uploads\/2_Reputacio.jpg\" alt=\"\" class=\"wp-image-2758\" style=\"width:150px\" srcset=\"https:\/\/www.fundacioared.org\/wp-content\/uploads\/2_Reputacio.jpg 500w, https:\/\/www.fundacioared.org\/wp-content\/uploads\/2_Reputacio-300x300.jpg 300w, https:\/\/www.fundacioared.org\/wp-content\/uploads\/2_Reputacio-150x150.jpg 150w, https:\/\/www.fundacioared.org\/wp-content\/uploads\/2_Reputacio-340x340.jpg 340w, https:\/\/www.fundacioared.org\/wp-content\/uploads\/2_Reputacio-140x140.jpg 140w\" sizes=\"auto, (max-width: 500px) 100vw, 500px\" \/><\/figure>\n\n\n\n<div style=\"height:30px\" aria-hidden=\"true\" class=\"wp-block-spacer\"><\/div>\n\n\n\n<p class=\"has-text-align-center is-style-com_titular_4 has-taronja-ared-color has-text-color has-link-color wp-elements-76b94fb634aba2f2f2aa72fc13f1cb71\"><strong>Mejora la Reputaci\u00f3n Corporativa<\/strong><\/p>\n<\/div>\n\n\n\n<div class=\"wp-block-column is-layout-flow wp-block-column-is-layout-flow\" style=\"padding-right:var(--wp--preset--spacing--50);padding-left:var(--wp--preset--spacing--50)\">\n<figure class=\"wp-block-image aligncenter size-full is-resized\"><img loading=\"lazy\" decoding=\"async\" width=\"500\" height=\"500\" src=\"https:\/\/www.fundacioared.org\/wp-content\/uploads\/4_Visibilitat-ESG.jpg\" alt=\"\" class=\"wp-image-2760\" style=\"width:150px\" srcset=\"https:\/\/www.fundacioared.org\/wp-content\/uploads\/4_Visibilitat-ESG.jpg 500w, https:\/\/www.fundacioared.org\/wp-content\/uploads\/4_Visibilitat-ESG-300x300.jpg 300w, https:\/\/www.fundacioared.org\/wp-content\/uploads\/4_Visibilitat-ESG-150x150.jpg 150w, https:\/\/www.fundacioared.org\/wp-content\/uploads\/4_Visibilitat-ESG-340x340.jpg 340w, https:\/\/www.fundacioared.org\/wp-content\/uploads\/4_Visibilitat-ESG-140x140.jpg 140w\" sizes=\"auto, (max-width: 500px) 100vw, 500px\" \/><\/figure>\n\n\n\n<div style=\"height:30px\" aria-hidden=\"true\" class=\"wp-block-spacer\"><\/div>\n\n\n\n<p class=\"has-text-align-center is-style-com_titular_4 has-taronja-ared-color has-text-color has-link-color wp-elements-8579ade4ca5a6d553c142a157769bbcc\"><strong>Contribuci\u00f3n con impacto social directo<\/strong><\/p>\n<\/div>\n<\/div>\n<\/div>\n\n<div style=\"height:36px\" aria-hidden=\"true\" class=\"wp-block-spacer\"><\/div>\n\n<div class=\"wp-block-ared-ajedrez mod-escacs align-superior marge-superior- marge-inferior-\">\n<div class=\"wp-block-ared-ajedrez-interior interior  maq_cols_flex cols_2\"><div class=\"col img\"><div class=\"img-wrapper\"><img loading=\"lazy\" decoding=\"async\" media_id=\"2639\" src=\"https:\/\/www.fundacioared.org\/wp-content\/uploads\/Foto-ok.jpg\" width=\"600\" height=\"400\" \/><!--fallback img responsive--><\/div><\/div><div class=\"col\"><div class=\"text-wrapper\">\n<p class=\"is-style-com_titular_5\">Modalidad<br\/> Voluntariado corporativo<\/p>\n\n\n\n<p class=\"is-style-com_titular_3\">Experiencia solidaria<\/p>\n\n\n\n<p>Colaboramos con diversas empresas que ponen su experiencia profesional al servicio de la Fundaci\u00f3n a trav\u00e9s de formaciones y actuaciones que benefician y enriquecen a las participantes de los distintos programas.<\/p>\n\n\n\n<p>Este tipo de voluntariado permite que el voluntariado aporte su conocimiento y experiencia profesional para ayudar a mejorar las competencias y habilitaciones de las personas que atendemos, facilitando as\u00ed su inserci\u00f3n sociolaboral.<\/p>\n\n\n\n<p><strong>Para m\u00e1s informaci\u00f3n contacta<\/strong> <a href=\"mailto:voluntariat@fundacioared.org\">voluntariat@fundacioared.org<\/a><\/p>\n<\/div><\/div><\/div>\n\n\n\n<div class=\"wp-block-ared-ajedrez-interior interior  maq_cols_flex cols_2\"><div class=\"col img\"><div class=\"img-wrapper\"><img loading=\"lazy\" decoding=\"async\" media_id=\"3433\" src=\"https:\/\/www.fundacioared.org\/wp-content\/uploads\/COMUNICACION-INTERNA-49.jpg\" width=\"600\" height=\"400\" \/><!--fallback img responsive--><\/div><\/div><div class=\"col\"><div class=\"text-wrapper\">\n<p class=\"is-style-com_titular_5\">Modalidad<br\/> Voluntariado corporativo<\/p>\n\n\n\n<p class=\"is-style-com_titular_3\">Trabajo solidario<\/p>\n\n\n\n<p>Contamos con la valiosa colaboraci\u00f3n de organizaciones que potencian que sus equipos, dentro de su jornada laboral, dediquen tiempo a nuestras actividades productivas con puntuales actuaciones de refuerzo, creando un impacto significativo en la comunidad.  <\/p>\n\n\n\n<p><strong>Para m\u00e1s informaci\u00f3n contacta<\/strong> <a href=\"mailto:voluntariat@fundacioared.org\">voluntariat@fundacioared.org<\/a><\/p>\n<\/div><\/div><\/div>\n\n\n\n<div class=\"wp-block-ared-ajedrez-interior interior  maq_cols_flex cols_2\"><div class=\"col img\"><div class=\"img-wrapper\"><img loading=\"lazy\" decoding=\"async\" media_id=\"3431\" src=\"https:\/\/www.fundacioared.org\/wp-content\/uploads\/COMUNICACION-INTERNA-48.jpg\" width=\"600\" height=\"400\" \/><!--fallback img responsive--><\/div><\/div><div class=\"col\"><div class=\"text-wrapper\">\n<p class=\"is-style-com_titular_5\">Modalidad<br\/> Voluntariado corporativo<\/p>\n\n\n\n<p class=\"is-style-com_titular_3\">Ared en acci\u00f3n<\/p>\n\n\n\n<p>Tambi\u00e9n ofrecemos, a empresas interesadas en disfrutar de experiencias significativas y enriquecedoras, nuestra participaci\u00f3n en charlas o c\u00e1psulas formativas que nos permitan al mismo tiempo generar recursos:<\/p>\n\n\n\n<p>&#8211; C\u00e1psulas formativas<br\/> &#8211; Otras actividades a medida<\/p>\n\n\n\n<p><strong>Para m\u00e1s informaci\u00f3n contacta<\/strong> <a href=\"mailto:voluntariat@fundacioared.org\">voluntariat@fundacioared.org<\/a><\/p>\n<\/div><\/div><\/div>\n<\/div>\n\n<div style=\"height:80px\" aria-hidden=\"true\" class=\"wp-block-spacer\"><\/div>\n\n<div style=\"height:80px\" aria-hidden=\"true\" class=\"wp-block-spacer\"><\/div>\n","protected":false},"excerpt":{"rendered":"","protected":false},"author":1,"featured_media":0,"parent":4664,"menu_order":28,"comment_status":"closed","ping_status":"closed","template":"","meta":{"_acf_changed":false,"footnotes":""},"class_list":["post-4644","page","type-page","status-publish","hentry"],"acf":[],"_links":{"self":[{"href":"https:\/\/www.fundacioared.org\/es\/wp-json\/wp\/v2\/pages\/4644","targetHints":{"allow":["GET"]}}],"collection":[{"href":"https:\/\/www.fundacioared.org\/es\/wp-json\/wp\/v2\/pages"}],"about":[{"href":"https:\/\/www.fundacioared.org\/es\/wp-json\/wp\/v2\/types\/page"}],"author":[{"embeddable":true,"href":"https:\/\/www.fundacioared.org\/es\/wp-json\/wp\/v2\/users\/1"}],"replies":[{"embeddable":true,"href":"https:\/\/www.fundacioared.org\/es\/wp-json\/wp\/v2\/comments?post=4644"}],"version-history":[{"count":1,"href":"https:\/\/www.fundacioared.org\/es\/wp-json\/wp\/v2\/pages\/4644\/revisions"}],"predecessor-version":[{"id":4646,"href":"https:\/\/www.fundacioared.org\/es\/wp-json\/wp\/v2\/pages\/4644\/revisions\/4646"}],"up":[{"embeddable":true,"href":"https:\/\/www.fundacioared.org\/es\/wp-json\/wp\/v2\/pages\/4664"}],"wp:attachment":[{"href":"https:\/\/www.fundacioared.org\/es\/wp-json\/wp\/v2\/media?parent=4644"}],"curies":[{"name":"wp","href":"https:\/\/api.w.org\/{rel}","templated":true}]}}

<div class="wp-block-ared-cabecera mod-cabecera"><div class="slider">
<div class="wp-block-ared-cabecera-interior slide"><div class="image" style="background-image:url(https://www.fundacioared.org/wp-content/uploads/Slider-Voluntariat-corporatiu.jpg)"><div class="text maq-contenidor">
<p class="is-style-com_titular_3 has-blanc-color has-text-color has-link-color wp-elements-c33f55009ea4cb2dd74e59db9341efeb">Voluntariado<br/> corporativo</p>



<p class="has-blanc-color has-text-color has-link-color wp-elements-68bb1d5d634745109a612f53f35b649a">Creemos firmemente en la fuerza del voluntariado<br/> corporativo como motor de cambio positivo.</p>
</div></div></div>
</div></div>

<div class="wp-block-ared-marges maq-contenidor estreta marge-superior-petit marge-inferior-" data-aos="off" data-aos-delay="aos_delay">
<p class="is-style-com_titular_3"><strong>Motor del cambio social</strong></p>
</div>

<div class="wp-block-ared-marges maq-contenidor estreta marge-superior- marge-inferior-petit" data-aos="off" data-aos-delay="aos_delay">
<div class="wp-block-columns is-layout-flex wp-container-core-columns-is-layout-9d6595d7 wp-block-columns-is-layout-flex">
<div class="wp-block-column is-layout-flow wp-block-column-is-layout-flow">
<p class="is-style-default has-gris-ared-color has-text-color has-link-color wp-elements-b1d669f5b4334ed2626f645cebbf874b">En la Fundación Ared creemos firmemente en la fuerza del voluntariado corporativo como motor de cambio positivo. Colaborar con empresas nos permite conseguir valiosos recursos y establecer vínculos con organizaciones que comparte nuestros valores de solidaridad y de compromiso social. </p>



<p>Ofrecemos diversas modalidades de voluntariado corporativo para adaptarnos a sus necesidades y preferencias.</p>



<p class="is-style-com_titular_5 has-gris-ared-color has-text-color has-link-color wp-elements-8c4e029b40edb0dffea573fdf4782bc3"><strong>Participar en el voluntariado corporativo ofrece múltiples beneficios:</strong></p>
</div>
</div>
</div>

<div class="wp-block-ared-marges maq-contenidor normal marge-superior-petit marge-inferior-petit" data-aos="off" data-aos-delay="aos_delay">
<div class="wp-block-columns is-layout-flex wp-container-core-columns-is-layout-9d6595d7 wp-block-columns-is-layout-flex">
<div class="wp-block-column is-layout-flow wp-block-column-is-layout-flow" style="padding-right:var(--wp--preset--spacing--50);padding-left:var(--wp--preset--spacing--50)">
<figure class="wp-block-image aligncenter size-full is-resized"><img loading="lazy" decoding="async" width="500" height="500" src="https://www.fundacioared.org/wp-content/uploads/1_Impacte-positiu.jpg" alt="" class="wp-image-2757" style="width:150px" srcset="https://www.fundacioared.org/wp-content/uploads/1_Impacte-positiu.jpg 500w, https://www.fundacioared.org/wp-content/uploads/1_Impacte-positiu-300x300.jpg 300w, https://www.fundacioared.org/wp-content/uploads/1_Impacte-positiu-150x150.jpg 150w, https://www.fundacioared.org/wp-content/uploads/1_Impacte-positiu-340x340.jpg 340w, https://www.fundacioared.org/wp-content/uploads/1_Impacte-positiu-140x140.jpg 140w" sizes="auto, (max-width: 500px) 100vw, 500px" /></figure>



<div style="height:30px" aria-hidden="true" class="wp-block-spacer"></div>



<p class="has-text-align-center is-style-com_titular_4 has-taronja-ared-color has-text-color has-link-color wp-elements-e620abda5b3ef83f0e0472335ebf8b61"><strong>Mejora la Cohesión de Equipo</strong></p>
</div>



<div class="wp-block-column is-layout-flow wp-block-column-is-layout-flow" style="padding-right:var(--wp--preset--spacing--50);padding-left:var(--wp--preset--spacing--50)">
<figure class="wp-block-image aligncenter size-full is-resized"><img loading="lazy" decoding="async" width="500" height="500" src="https://www.fundacioared.org/wp-content/uploads/2_Reputacio.jpg" alt="" class="wp-image-2758" style="width:150px" srcset="https://www.fundacioared.org/wp-content/uploads/2_Reputacio.jpg 500w, https://www.fundacioared.org/wp-content/uploads/2_Reputacio-300x300.jpg 300w, https://www.fundacioared.org/wp-content/uploads/2_Reputacio-150x150.jpg 150w, https://www.fundacioared.org/wp-content/uploads/2_Reputacio-340x340.jpg 340w, https://www.fundacioared.org/wp-content/uploads/2_Reputacio-140x140.jpg 140w" sizes="auto, (max-width: 500px) 100vw, 500px" /></figure>



<div style="height:30px" aria-hidden="true" class="wp-block-spacer"></div>



<p class="has-text-align-center is-style-com_titular_4 has-taronja-ared-color has-text-color has-link-color wp-elements-76b94fb634aba2f2f2aa72fc13f1cb71"><strong>Mejora la Reputación Corporativa</strong></p>
</div>



<div class="wp-block-column is-layout-flow wp-block-column-is-layout-flow" style="padding-right:var(--wp--preset--spacing--50);padding-left:var(--wp--preset--spacing--50)">
<figure class="wp-block-image aligncenter size-full is-resized"><img loading="lazy" decoding="async" width="500" height="500" src="https://www.fundacioared.org/wp-content/uploads/4_Visibilitat-ESG.jpg" alt="" class="wp-image-2760" style="width:150px" srcset="https://www.fundacioared.org/wp-content/uploads/4_Visibilitat-ESG.jpg 500w, https://www.fundacioared.org/wp-content/uploads/4_Visibilitat-ESG-300x300.jpg 300w, https://www.fundacioared.org/wp-content/uploads/4_Visibilitat-ESG-150x150.jpg 150w, https://www.fundacioared.org/wp-content/uploads/4_Visibilitat-ESG-340x340.jpg 340w, https://www.fundacioared.org/wp-content/uploads/4_Visibilitat-ESG-140x140.jpg 140w" sizes="auto, (max-width: 500px) 100vw, 500px" /></figure>



<div style="height:30px" aria-hidden="true" class="wp-block-spacer"></div>



<p class="has-text-align-center is-style-com_titular_4 has-taronja-ared-color has-text-color has-link-color wp-elements-8579ade4ca5a6d553c142a157769bbcc"><strong>Contribución con impacto social directo</strong></p>
</div>
</div>
</div>

<div style="height:36px" aria-hidden="true" class="wp-block-spacer"></div>

<div class="wp-block-ared-ajedrez mod-escacs align-superior marge-superior- marge-inferior-">
<div class="wp-block-ared-ajedrez-interior interior  maq_cols_flex cols_2"><div class="col img"><div class="img-wrapper"><img loading="lazy" decoding="async" media_id="2639" src="https://www.fundacioared.org/wp-content/uploads/Foto-ok.jpg" width="600" height="400" /><!--fallback img responsive--></div></div><div class="col"><div class="text-wrapper">
<p class="is-style-com_titular_5">Modalidad<br/> Voluntariado corporativo</p>



<p class="is-style-com_titular_3">Experiencia solidaria</p>



<p>Colaboramos con diversas empresas que ponen su experiencia profesional al servicio de la Fundación a través de formaciones y actuaciones que benefician y enriquecen a las participantes de los distintos programas.</p>



<p>Este tipo de voluntariado permite que el voluntariado aporte su conocimiento y experiencia profesional para ayudar a mejorar las competencias y habilitaciones de las personas que atendemos, facilitando así su inserción sociolaboral.</p>



<p><strong>Para más información contacta</strong> <a href="mailto:voluntariat@fundacioared.org">voluntariat@fundacioared.org</a></p>
</div></div></div>



<div class="wp-block-ared-ajedrez-interior interior  maq_cols_flex cols_2"><div class="col img"><div class="img-wrapper"><img loading="lazy" decoding="async" media_id="3433" src="https://www.fundacioared.org/wp-content/uploads/COMUNICACION-INTERNA-49.jpg" width="600" height="400" /><!--fallback img responsive--></div></div><div class="col"><div class="text-wrapper">
<p class="is-style-com_titular_5">Modalidad<br/> Voluntariado corporativo</p>



<p class="is-style-com_titular_3">Trabajo solidario</p>



<p>Contamos con la valiosa colaboración de organizaciones que potencian que sus equipos, dentro de su jornada laboral, dediquen tiempo a nuestras actividades productivas con puntuales actuaciones de refuerzo, creando un impacto significativo en la comunidad.  </p>



<p><strong>Para más información contacta</strong> <a href="mailto:voluntariat@fundacioared.org">voluntariat@fundacioared.org</a></p>
</div></div></div>



<div class="wp-block-ared-ajedrez-interior interior  maq_cols_flex cols_2"><div class="col img"><div class="img-wrapper"><img loading="lazy" decoding="async" media_id="3431" src="https://www.fundacioared.org/wp-content/uploads/COMUNICACION-INTERNA-48.jpg" width="600" height="400" /><!--fallback img responsive--></div></div><div class="col"><div class="text-wrapper">
<p class="is-style-com_titular_5">Modalidad<br/> Voluntariado corporativo</p>



<p class="is-style-com_titular_3">Ared en acción</p>



<p>También ofrecemos, a empresas interesadas en disfrutar de experiencias significativas y enriquecedoras, nuestra participación en charlas o cápsulas formativas que nos permitan al mismo tiempo generar recursos:</p>



<p>&#8211; Cápsulas formativas<br/> &#8211; Otras actividades a medida</p>



<p><strong>Para más información contacta</strong> <a href="mailto:voluntariat@fundacioared.org">voluntariat@fundacioared.org</a></p>
</div></div></div>
</div>

<div style="height:80px" aria-hidden="true" class="wp-block-spacer"></div>

<div style="height:80px" aria-hidden="true" class="wp-block-spacer"></div>
