{"id":4671,"date":"2024-07-22T15:24:17","date_gmt":"2024-07-22T13:24:17","guid":{"rendered":"https:\/\/www.fundacioared.org\/politica-de-privacidad\/"},"modified":"2025-01-15T16:38:44","modified_gmt":"2025-01-15T15:38:44","slug":"politica-de-privacidad","status":"publish","type":"page","link":"https:\/\/www.fundacioared.org\/es\/politica-de-privacidad\/","title":{"rendered":"Pol\u00edtica de privacidad"},"content":{"rendered":"\n<div class=\"wp-block-ared-cabecera-ared mod-cabecera-ared\"><div class=\"inner\">\n<div class=\"wp-block-ared-cabecera mod-cabecera\"><div class=\"slider\">\n<div class=\"wp-block-ared-cabecera-interior slide\"><div class=\"image\" style=\"background-image:url(https:\/\/www.fundacioared.org\/wp-content\/uploads\/Home-slider-01-1.jpg)\"><div class=\"text maq-contenidor\">\n<p class=\"is-style-com_titular_3 has-blanc-color has-text-color has-link-color wp-elements-df9ce21b5c908cf39828d13f31b9cd23\">Creamos juntas<br\/> nuevas oportunidades<\/p>\n\n\n\n<p class=\"has-white-color has-text-color has-link-color wp-elements-31f6adc2efb4d344967cb6c02b4d34e7\">M\u00e1s de 1.350 personas atendidas,<br\/> y m\u00e1s de 330 inserciones laborales<br\/> durante el 2023<\/p>\n<\/div><\/div><\/div>\n<\/div><\/div>\n\n\n\n<div class=\"wp-block-ared-marges maq-contenidor estreta marge-superior-petit marge-inferior-gran\" data-aos=\"off\" data-aos-delay=\"aos_delay\">\n<p class=\"is-style-com_titular_3\">Pol\u00edtica de privacidad<\/p>\n\n\n\n<p><\/p>\n\n\n\n<p id=\"description_long\">Mediante nuestra Pol\u00edtica de Privacidad informamos a los usuarios de la forma m\u00e1s clara y precisa posible de las debidas condiciones de uso de este sitio web <a href=\"http:\/\/www.fundacioared.org\/\">http:\/\/www.fundacioared.org<\/a> .<\/p>\n\n\n\n<p>El acceso al mismo implica la aceptaci\u00f3n plena y sin reservas en todas y cada una de las disposiciones incluidas, por lo que en caso de no aceptar las condiciones aqu\u00ed establecidas, no deber\u00e1 usar y\/o acceder a este sitio. Por eso es esencial que el usuario conozca la informaci\u00f3n que se recoge en este sitio web y c\u00f3mo se utiliza. <\/p>\n\n\n\n<p class=\"is-style-com_titular_5 has-gris-ared-color has-text-color has-link-color wp-elements-c81f5cff71de66922f9300a94e419f58\"><strong>Directrices de privacidad<\/strong><\/p>\n\n\n\n<p>FUNDACIO PRIVADA ARED, informa a los usuarios de su p\u00e1gina web web  <a href=\"http:\/\/www.fundacioared.org\/\">http:\/\/www.fundacioared.org<\/a>, en funci\u00f3n de lo que establece el art\u00edculo 5 de la Ley Org\u00e1nica 15\/1999, de 13 de diciembre, de Protecci\u00f3n de Datos de car\u00e1cter personal, del contenido y directrices de su pol\u00edtica de protecci\u00f3n de datos personales con el fin de que, una vez le\u00edda y aceptada, decidan de forma expresa, inequ\u00edvoca, libre y voluntaria, facilitar  <strong>FUNDACION PRIVADA ARED  <\/strong>los datos personales que son solicitados a trav\u00e9s de p\u00e1gina web para recibir informaci\u00f3n de las diversas prestaciones de servicios\/productos que se ofrecen dentro del \u00e1mbito de la web.<\/p>\n\n\n\n<p>Los datos personales que sean facilitados por los usuarios ser\u00e1n incluidos en ficheros debidamente inscritos en el Registro General de Protecci\u00f3n de Datos y cuyo titular es <strong>FUNDACIO PRIVADA ARED<\/strong> con CIF G62728183, y domicilio social en Calle ZAMORA 103-105 BJ \u2013 08018 \u2013 BARCELONA (BARCELONA ), con el fin de potenciar y gestionar las relaciones contractuales que se establezcan as\u00ed como para recibir informaci\u00f3n publicitaria peri\u00f3dica sobre todos nuestros servicios.<\/p>\n\n\n\n<p>A trav\u00e9s de este sitio web no se recoger\u00e1 ning\u00fan dato personal sin el conocimiento del usuario, ni se ceder\u00e1 a terceros, salvo que as\u00ed lo haga constar. Ser\u00e1 necesario completar todos los datos requeridos en los formularios de forma aut\u00e9ntica, cierta, concisa y actualizada. En caso contrario, el usuario ser\u00e1 el \u00fanico responsable de la informaci\u00f3n falsa o inexacta, reservando <strong>FUNDACIO PRIVADA ARED<\/strong> el derecho a no aceptar el registro del mismo, o denegar el servicio o producto cuya contrataci\u00f3n se solicite, sin perjuicio de las dem\u00e1s acciones que procedan en derecho.  <\/p>\n\n\n\n<p class=\"is-style-com_titular_5 has-gris-ared-color has-text-color has-link-color wp-elements-85cd7835d49b33fa494ab34ef62f17c5\"><strong>Ejercicio de Derechos<\/strong><\/p>\n\n\n\n<p>Los usuarios podr\u00e1n ejercitar sus Derechos de acceso, rectificaci\u00f3n, cancelaci\u00f3n y oposici\u00f3n enviando un escrito a <strong>FUNDACIO PRIVADA ARED<\/strong> , mediante este mail <a href=\"mailto:ared@fundacioared.org\">ared@fundacioared.org<\/a> en el que deber\u00e1 acreditar su identidad, contener su nombre, apellidos y fotocopia del DNI del usuario o de su representante legal, as\u00ed como documento acreditativo de la representaci\u00f3n si ESCAE, fundamentos de soporte, solicitud y documentos que le acrediten, domicilio a efectos de notificaciones, fecha y firma del solicitante. En caso de que no se cumplan las condiciones anteriores, se otorgar\u00e1 un plazo para que sean subsanados los defectos. No se exigir\u00e1 contraprestaci\u00f3n alguna por el ejercicio de los derechos.  <\/p>\n\n\n\n<p>No se permitir\u00e1 el ejercicio del derecho de acceso \u00fanicamente cuando la petici\u00f3n no re\u00fana las condiciones previamente descritas y no se acredite ning\u00fan inter\u00e9s leg\u00edtimos al efecto. No ser\u00e1n atendidas las peticiones de cancelaci\u00f3n de datos identificativos de los usuarios mientras \u00e9stos prosigan su relaci\u00f3n con <strong>FUNDACIO PRIVADA ARED<\/strong> , si bien podr\u00e1n oponerse al tratamiento de sus datos respecto a la recepci\u00f3n de informaci\u00f3n publicitaria relacionada con los servicios propios ofrecidos. <\/p>\n\n\n\n<p class=\"is-style-com_titular_5 has-gris-ared-color has-text-color has-link-color wp-elements-f0ee5fffe8380a88c04c0bae6c126a5c\"><strong>Medidas de seguridad<\/strong><\/p>\n\n\n\n<p><strong>FUNDACION PRIVADA ARED<\/strong>  informa igualmente que, en funciones de lo establecido en la legislaci\u00f3n vigente, ha adoptado las medidas de \u00edndole t\u00e9cnica y organizativa necesarias para garantizar la seguridad de los datos y evitar su alteraci\u00f3n, p\u00e9rdida, tratamiento o acceso no autorizado, teniendo en cuenta el estado de la tecnolog\u00eda, la naturaleza de los datos almacenados y los riesgos a que se encuentre expuestos, ya provengan de la acci\u00f3n humana o del medio f\u00edsico o natural, tratando de garantizar la confidencialidad de las datos, entendido como la limitaci\u00f3n de acceso a la informaci\u00f3n por personas no autorizadas, la integridad, entendida como el mantenimiento de la informaci\u00f3n fiable y con calidad, y la disponibilidad, entendida como la garant\u00eda de acceso al sistema de informaci\u00f3n por la solicitud de un usuario autorizado.<\/p>\n\n\n\n<p class=\"is-style-com_titular_5 has-gris-ared-color has-text-color has-link-color wp-elements-fc3ccab774d7213669272f90e41d62f8\"><strong>Navegaci\u00f3n con cookies<\/strong><\/p>\n\n\n\n<p>Este espacio web puede utilizar cookies, peque\u00f1os archivos de datos que se generan en el ordenador del usuario y que permita obtener la siguiente informaci\u00f3n:<\/p>\n\n\n\n<ul class=\"wp-block-list\">\n<li>La fecha y hora de la \u00faltima vez que el usuario visit\u00f3 este alojamiento web.<\/li>\n\n\n\n<li>El dise\u00f1o de contenidos que el usuario escogi\u00f3 en soporte a la primera visita a este alojamiento web.<\/li>\n\n\n\n<li>Elementos de seguridad que intervienen en el control de acceso a las \u00e1reas restringidas.<\/li>\n\n\n\n<li>Esta informaci\u00f3n se utiliza \u00fanica y exclusivamente para facilitar la navegaci\u00f3n al usuario. Lo mismo tiene la opci\u00f3n de impedir la generaci\u00f3n de cookies, mediante la selecci\u00f3n de la correspondiente opci\u00f3n en su programa navegador. Sin embargo, la empresa no se responsabiliza de que la desactivaci\u00f3n de los mismos, impida el buen funcionamiento del sitio.  <\/li>\n<\/ul>\n\n\n\n<p class=\"is-style-com_titular_5 has-gris-ared-color has-text-color has-link-color wp-elements-1edf42d9242dc4dc469e6435e511be48\"><strong>Env\u00edo de informaci\u00f3n publicitaria<\/strong><\/p>\n\n\n\n<p>En funciones de lo que establece la Ley 34\/2002 de 11 de julio de Servicios de la Informaci\u00f3n y del Comercio Electr\u00f3nico, modificada por la Ley 32\/2003 de 3 de noviembre, general de telecomunicaciones, se advierte que la aceptaci\u00f3n de la presente Pol\u00edtica de Privacidad supone el consentimiento expreso para la recepci\u00f3n de informaci\u00f3n publicitaria de los servicios ofrecidos en el portal, as\u00ed como otras comunicaciones de distinto naturaleza que no sean incompatibles.<\/p>\n\n\n\n<p>En caso de no desear estos env\u00edos debe dirigirse un escrito a <strong>FUNDACI\u00d3N PRIVADA ARED<\/strong> por correo electr\u00f3nico a la direcci\u00f3n <a href=\"mailto:ared@fundacioared.org\">ared@fundacioared.org<\/a><\/p>\n\n\n\n<p class=\"is-style-com_titular_5 has-gris-ared-color has-text-color has-link-color wp-elements-0c0f9950fb2bc4c43255196f8682503a\"><strong>Enlaces<\/strong><\/p>\n\n\n\n<p>Este sitio web puede incluir enlaces o hiperv\u00ednculos a otras p\u00e1ginas web <a href=\"http:\/\/www.fundacioared.org\/\">http:\/\/www.fundacioared.org<\/a> que pueden ser de inter\u00e9s para los usuarios. Esta Pol\u00edtica de Privacidad s\u00f3lo es aplicable al sitio web de <strong>FUNDACIO PRIVADA ARED<\/strong> y no se garantiza en los accesos a trav\u00e9s de enlaces con el mismo<br\/> sitio, ni en los enlaces desde ese sitio con otros sitios web <a href=\"http:\/\/www.fundacioared.org\/\">http:\/\/www.fundacioared.org<\/a> . <\/p>\n\n\n\n<p class=\"is-style-com_titular_5 has-gris-ared-color has-text-color has-link-color wp-elements-c7ec64fd0bbde0b677f304bcbc5c1a4d\"><strong>Contacto<\/strong><\/p>\n\n\n\n<p>Si el usuario tiene alguna duda, pregunta o sugerencia sobre las directrices expuestas en esta Pol\u00edtica de Privacidad, puede ponerse en contacto con <strong>FUNDACIO PRIVADA ARED<\/strong> mediante el formulario destinado al efecto o mediante correo electr\u00f3nico: <a href=\"mailto:ared@fundacioared.org\">ared@fundacioared.org<\/a><\/p>\n<\/div>\n<\/div><\/div>\n\n<p class=\"has-text-align-center is-style-com_titular_3\"><\/p>\n","protected":false},"excerpt":{"rendered":"","protected":false},"author":1,"featured_media":0,"parent":0,"menu_order":23,"comment_status":"closed","ping_status":"closed","template":"","meta":{"_acf_changed":false,"footnotes":""},"class_list":["post-4671","page","type-page","status-publish","hentry"],"acf":[],"_links":{"self":[{"href":"https:\/\/www.fundacioared.org\/es\/wp-json\/wp\/v2\/pages\/4671","targetHints":{"allow":["GET"]}}],"collection":[{"href":"https:\/\/www.fundacioared.org\/es\/wp-json\/wp\/v2\/pages"}],"about":[{"href":"https:\/\/www.fundacioared.org\/es\/wp-json\/wp\/v2\/types\/page"}],"author":[{"embeddable":true,"href":"https:\/\/www.fundacioared.org\/es\/wp-json\/wp\/v2\/users\/1"}],"replies":[{"embeddable":true,"href":"https:\/\/www.fundacioared.org\/es\/wp-json\/wp\/v2\/comments?post=4671"}],"version-history":[{"count":1,"href":"https:\/\/www.fundacioared.org\/es\/wp-json\/wp\/v2\/pages\/4671\/revisions"}],"predecessor-version":[{"id":4675,"href":"https:\/\/www.fundacioared.org\/es\/wp-json\/wp\/v2\/pages\/4671\/revisions\/4675"}],"wp:attachment":[{"href":"https:\/\/www.fundacioared.org\/es\/wp-json\/wp\/v2\/media?parent=4671"}],"curies":[{"name":"wp","href":"https:\/\/api.w.org\/{rel}","templated":true}]}}

Política de privacidad

<div class="wp-block-ared-cabecera-ared mod-cabecera-ared"><div class="inner">
<div class="wp-block-ared-cabecera mod-cabecera"><div class="slider">
<div class="wp-block-ared-cabecera-interior slide"><div class="image" style="background-image:url(https://www.fundacioared.org/wp-content/uploads/Home-slider-01-1.jpg)"><div class="text maq-contenidor">
<p class="is-style-com_titular_3 has-blanc-color has-text-color has-link-color wp-elements-df9ce21b5c908cf39828d13f31b9cd23">Creamos juntas<br/> nuevas oportunidades</p>



<p class="has-white-color has-text-color has-link-color wp-elements-31f6adc2efb4d344967cb6c02b4d34e7">Más de 1.350 personas atendidas,<br/> y más de 330 inserciones laborales<br/> durante el 2023</p>
</div></div></div>
</div></div>



<div class="wp-block-ared-marges maq-contenidor estreta marge-superior-petit marge-inferior-gran" data-aos="off" data-aos-delay="aos_delay">
<p class="is-style-com_titular_3">Política de privacidad</p>



<p></p>



<p id="description_long">Mediante nuestra Política de Privacidad informamos a los usuarios de la forma más clara y precisa posible de las debidas condiciones de uso de este sitio web <a href="http://www.fundacioared.org/">http://www.fundacioared.org</a> .</p>



<p>El acceso al mismo implica la aceptación plena y sin reservas en todas y cada una de las disposiciones incluidas, por lo que en caso de no aceptar las condiciones aquí establecidas, no deberá usar y/o acceder a este sitio. Por eso es esencial que el usuario conozca la información que se recoge en este sitio web y cómo se utiliza. </p>



<p class="is-style-com_titular_5 has-gris-ared-color has-text-color has-link-color wp-elements-c81f5cff71de66922f9300a94e419f58"><strong>Directrices de privacidad</strong></p>



<p>FUNDACIO PRIVADA ARED, informa a los usuarios de su página web web  <a href="http://www.fundacioared.org/">http://www.fundacioared.org</a>, en función de lo que establece el artículo 5 de la Ley Orgánica 15/1999, de 13 de diciembre, de Protección de Datos de carácter personal, del contenido y directrices de su política de protección de datos personales con el fin de que, una vez leída y aceptada, decidan de forma expresa, inequívoca, libre y voluntaria, facilitar  <strong>FUNDACION PRIVADA ARED  </strong>los datos personales que son solicitados a través de página web para recibir información de las diversas prestaciones de servicios/productos que se ofrecen dentro del ámbito de la web.</p>



<p>Los datos personales que sean facilitados por los usuarios serán incluidos en ficheros debidamente inscritos en el Registro General de Protección de Datos y cuyo titular es <strong>FUNDACIO PRIVADA ARED</strong> con CIF G62728183, y domicilio social en Calle ZAMORA 103-105 BJ – 08018 – BARCELONA (BARCELONA ), con el fin de potenciar y gestionar las relaciones contractuales que se establezcan así como para recibir información publicitaria periódica sobre todos nuestros servicios.</p>



<p>A través de este sitio web no se recogerá ningún dato personal sin el conocimiento del usuario, ni se cederá a terceros, salvo que así lo haga constar. Será necesario completar todos los datos requeridos en los formularios de forma auténtica, cierta, concisa y actualizada. En caso contrario, el usuario será el único responsable de la información falsa o inexacta, reservando <strong>FUNDACIO PRIVADA ARED</strong> el derecho a no aceptar el registro del mismo, o denegar el servicio o producto cuya contratación se solicite, sin perjuicio de las demás acciones que procedan en derecho.  </p>



<p class="is-style-com_titular_5 has-gris-ared-color has-text-color has-link-color wp-elements-85cd7835d49b33fa494ab34ef62f17c5"><strong>Ejercicio de Derechos</strong></p>



<p>Los usuarios podrán ejercitar sus Derechos de acceso, rectificación, cancelación y oposición enviando un escrito a <strong>FUNDACIO PRIVADA ARED</strong> , mediante este mail <a href="mailto:ared@fundacioared.org">ared@fundacioared.org</a> en el que deberá acreditar su identidad, contener su nombre, apellidos y fotocopia del DNI del usuario o de su representante legal, así como documento acreditativo de la representación si ESCAE, fundamentos de soporte, solicitud y documentos que le acrediten, domicilio a efectos de notificaciones, fecha y firma del solicitante. En caso de que no se cumplan las condiciones anteriores, se otorgará un plazo para que sean subsanados los defectos. No se exigirá contraprestación alguna por el ejercicio de los derechos.  </p>



<p>No se permitirá el ejercicio del derecho de acceso únicamente cuando la petición no reúna las condiciones previamente descritas y no se acredite ningún interés legítimos al efecto. No serán atendidas las peticiones de cancelación de datos identificativos de los usuarios mientras éstos prosigan su relación con <strong>FUNDACIO PRIVADA ARED</strong> , si bien podrán oponerse al tratamiento de sus datos respecto a la recepción de información publicitaria relacionada con los servicios propios ofrecidos. </p>



<p class="is-style-com_titular_5 has-gris-ared-color has-text-color has-link-color wp-elements-f0ee5fffe8380a88c04c0bae6c126a5c"><strong>Medidas de seguridad</strong></p>



<p><strong>FUNDACION PRIVADA ARED</strong>  informa igualmente que, en funciones de lo establecido en la legislación vigente, ha adoptado las medidas de índole técnica y organizativa necesarias para garantizar la seguridad de los datos y evitar su alteración, pérdida, tratamiento o acceso no autorizado, teniendo en cuenta el estado de la tecnología, la naturaleza de los datos almacenados y los riesgos a que se encuentre expuestos, ya provengan de la acción humana o del medio físico o natural, tratando de garantizar la confidencialidad de las datos, entendido como la limitación de acceso a la información por personas no autorizadas, la integridad, entendida como el mantenimiento de la información fiable y con calidad, y la disponibilidad, entendida como la garantía de acceso al sistema de información por la solicitud de un usuario autorizado.</p>



<p class="is-style-com_titular_5 has-gris-ared-color has-text-color has-link-color wp-elements-fc3ccab774d7213669272f90e41d62f8"><strong>Navegación con cookies</strong></p>



<p>Este espacio web puede utilizar cookies, pequeños archivos de datos que se generan en el ordenador del usuario y que permita obtener la siguiente información:</p>



<ul class="wp-block-list">
<li>La fecha y hora de la última vez que el usuario visitó este alojamiento web.</li>



<li>El diseño de contenidos que el usuario escogió en soporte a la primera visita a este alojamiento web.</li>



<li>Elementos de seguridad que intervienen en el control de acceso a las áreas restringidas.</li>



<li>Esta información se utiliza única y exclusivamente para facilitar la navegación al usuario. Lo mismo tiene la opción de impedir la generación de cookies, mediante la selección de la correspondiente opción en su programa navegador. Sin embargo, la empresa no se responsabiliza de que la desactivación de los mismos, impida el buen funcionamiento del sitio.  </li>
</ul>



<p class="is-style-com_titular_5 has-gris-ared-color has-text-color has-link-color wp-elements-1edf42d9242dc4dc469e6435e511be48"><strong>Envío de información publicitaria</strong></p>



<p>En funciones de lo que establece la Ley 34/2002 de 11 de julio de Servicios de la Información y del Comercio Electrónico, modificada por la Ley 32/2003 de 3 de noviembre, general de telecomunicaciones, se advierte que la aceptación de la presente Política de Privacidad supone el consentimiento expreso para la recepción de información publicitaria de los servicios ofrecidos en el portal, así como otras comunicaciones de distinto naturaleza que no sean incompatibles.</p>



<p>En caso de no desear estos envíos debe dirigirse un escrito a <strong>FUNDACIÓN PRIVADA ARED</strong> por correo electrónico a la dirección <a href="mailto:ared@fundacioared.org">ared@fundacioared.org</a></p>



<p class="is-style-com_titular_5 has-gris-ared-color has-text-color has-link-color wp-elements-0c0f9950fb2bc4c43255196f8682503a"><strong>Enlaces</strong></p>



<p>Este sitio web puede incluir enlaces o hipervínculos a otras páginas web <a href="http://www.fundacioared.org/">http://www.fundacioared.org</a> que pueden ser de interés para los usuarios. Esta Política de Privacidad sólo es aplicable al sitio web de <strong>FUNDACIO PRIVADA ARED</strong> y no se garantiza en los accesos a través de enlaces con el mismo<br/> sitio, ni en los enlaces desde ese sitio con otros sitios web <a href="http://www.fundacioared.org/">http://www.fundacioared.org</a> . </p>



<p class="is-style-com_titular_5 has-gris-ared-color has-text-color has-link-color wp-elements-c7ec64fd0bbde0b677f304bcbc5c1a4d"><strong>Contacto</strong></p>



<p>Si el usuario tiene alguna duda, pregunta o sugerencia sobre las directrices expuestas en esta Política de Privacidad, puede ponerse en contacto con <strong>FUNDACIO PRIVADA ARED</strong> mediante el formulario destinado al efecto o mediante correo electrónico: <a href="mailto:ared@fundacioared.org">ared@fundacioared.org</a></p>
</div>
</div></div>

<p class="has-text-align-center is-style-com_titular_3"></p>
